/(b + 6)?
5
Suppose 0 = -5*b - 4*h + 23, 2*b = -h + 3*h + 2. Let x(o) = -o**2 + 8*o + 7. Let r be x(6). Suppose b*w - 8 = r. What is the units digit of w?
9
Let h = 53 - -29. What is the units digit of h?
2
Let h(y) = 6*y**2 - 4*y + 3. Let i be h(2). Let g = i - 11. What is the units digit of g?
8
Let p be (3 - -8)*(-6)/(-3). Let f(t) = -4*t + 1. Let z be f(-1). Suppose -4*y + p = 3*r, 3*r + 24 = z*r + 5*y. What is the units digit of r?
2
Let w be 0 - -1*(-2)/(-1). Suppose y - w*y = -18. What is the tens digit of y?
1
Let w(v) = v**3 - 5*v**2 + 1. What is the units digit of w(7)?
9
Let s(h) be the third derivative of -h**6/120 - h**5/15 + h**4/6 + 37*h**2. Let g = 6 - 11. What is the units digit of s(g)?
5
Let r(z) = 2*z**3 + 2*z**2 + 7*z + 6. Let v(t) = -5*t**3 - 6*t**2 - 20*t - 17. Let o(h) = 11*r(h) + 4*v(h). What is the units digit of o(3)?
5
Suppose -3*h + 6 = -6. Let g be (6/h)/((-18)/(-12)). Suppose -2*o + 1 = -g. What is the units digit of o?
1
Suppose 0 = 5*c - 2*c - 297. What is the units digit of c?
9
Let r be (2/1)/((-4)/(-6)). Let o be (-124)/(-12) + 2/r. Let i = 18 - o. What is the units digit of i?
7
Let d = 85 - 57. Suppose -2*p + 26 = 4*v, -3*p + 4*v + 21 + d = 0. What is the units digit of p?
5
Suppose 6 + 38 = s. What is the units digit of s?
4
Let a(v) = 49*v**3 + v. What is the units digit of a(1)?
0
Let h be (-3)/(-1) + (5 - -13). Suppose -m - h = -2*m. What is the tens digit of m?
2
Suppose 0 = 4*d + 2*r - 114, d = 3*r + 21 + 25. What is the tens digit of d?
3
Suppose 0 = 2*s + 4*u - 18, 5*s + 3 + 4 = 3*u. What is the units digit of ((-12)/4 - s)*-4?
6
What is the tens digit of (555/(-10))/((-6)/8)?
7
What is the tens digit of (-492)/(-20) + (-2)/(-5)?
2
What is the units digit of (3 - 2)*(-2 - -7)?
5
Suppose 16 = 3*x - 8. Let v = 16 + x. Suppose -d + 3*m = -4, -2*d + 59 = 3*m + v. What is the units digit of d?
3
Let l(i) = -i**3 + 1 + i**3 - i**3. Let c be l(0). What is the units digit of 11/c - (6 + -4)?
9
Let v(n) = 3*n - 2 + 3*n - n - 4*n. What is the units digit of v(9)?
7
Suppose -5*g + 18 = 3*x, 6*g - 3*g = -x + 10. Let y be (-1 - -1)*(g - 4). Suppose -3*i - 9 + 21 = y. What is the units digit of i?
4
Let y(k) = -k - 6. Let n be y(-6). Suppose -3*u + 14 + 7 = n. Suppose -4*p + 37 = -u. What is the tens digit of p?
1
Suppose 0 = 4*c + r - 117, -2*r - 19 = -c - 1. What is the tens digit of c?
2
Let t(y) = -6*y. Let k(l) = l. Let c be k(-3). What is the units digit of t(c)?
8
What is the tens digit of ((-168)/(-30))/((-2)/(-5))?
1
Let p(v) = -v + 11. Let z be p(9). What is the tens digit of -1 - -1 - (-42)/z?
2
Let w(k) = k**3 + 15*k**2 - 17*k + 14. What is the tens digit of w(-16)?
3
Suppose 2*z = -0*z + 4. Suppose 5*s - n + 2 = 96, 0 = -s - z*n + 10. What is the units digit of s?
8
Let s(h) = h**3 + h**2 - h + 95. Let i be s(0). Suppose -3*j = -v - i, -j + 0*j - v = -25. What is the tens digit of j?
3
Suppose 5*s = 2*o + 14, -o + 3*s - 24 = -5*o. Let r be 3/3*o + -1. Suppose r*x + 1 + 2 = 5*a, 0 = -x + a. What is the units digit of x?
1
Let w(o) = 2*o**2 - 5*o - 3. Let l be w(4). Let c = l + -7. Suppose -c*b = -4*v - 30, -4*b + v = -2*b - 15. What is the units digit of b?
5
Let o be 40/(-5)*2/(-4). Suppose -o*s = -2*s - 28. What is the tens digit of s?
1
Let z(c) = c**3 + 7*c**2 + 4*c - 2. Let l be z(-6). Let s be (l/(-4))/((-1)/(-2)). Let j = s - -15. What is the units digit of j?
0
Let l = -74 - -108. What is the units digit of l?
4
Let o(w) = 5*w**3 - 2*w**2 + 2*w - 1. What is the units digit of o(2)?
5
Let z(s) = 2*s**2 + 2*s - 2. Let u be z(-2). Let r = u - -8. What is the units digit of r?
0
Let v(g) = -g**3 - 11*g**2 + 6*g - 15. What is the units digit of v(-12)?
7
What is the tens digit of 1/(1/(-50))*(-9 + 7)?
0
Let w(l) = -2*l - 6. Let p be w(-4). Let t be -11 + 2 + 0 - -1. What is the units digit of p/t - 66/(-8)?
8
Suppose -17*j = -j - 1520. What is the tens digit of j?
9
Let v(d) be the second derivative of -d**3/6 + 11*d**2/2 - d. Let b be v(8). Suppose -2*n - n + b = 0. What is the units digit of n?
1
Suppose -5*t + 6 + 9 = 0. Let i(q) be the second derivative of -q**5/20 + 5*q**4/12 - q**3/2 - q**2 + q. What is the units digit of i(t)?
7
Suppose 2*i + 0 = -10. Let p = 0 - i. Suppose 4*b - 16 = -2*q, 0 = p*b + 4*q + q - 20. What is the units digit of b?
4
Suppose 4*f + 20*f = 1512. What is the tens digit of f?
6
Let y = 17 + -12. What is the tens digit of y/(((-8)/20)/(-2))?
2
Let x = 124 - 195. Let q = 104 + x. What is the units digit of 2/5 - q/(-5)?
7
Let u(a) = -6*a**3 + a**2 - a - 1. What is the tens digit of u(-2)?
5
Suppose -54 + 202 = 4*v. What is the tens digit of v?
3
Let l = -47 - -34. Let r = -4 - l. Let c(j) = -j + 15. What is the units digit of c(r)?
6
Let d = 268 + -189. What is the tens digit of d?
7
Suppose 5*f - 5 = -5*n, 5*f = -0*n + 2*n - 2. Suppose l + n - 13 = 0. What is the tens digit of l?
1
Let z(f) = 4*f**2 - f - 2. What is the tens digit of z(5)?
9
Let y(k) = -15*k**2 - k + 1. Let a be y(-2). Let c = a + 29. Let w = c - -43. What is the units digit of w?
5
Let m = 21 - 11. Let f = -6 + m. What is the units digit of f?
4
Suppose 0 = -3*z + 2*g + 1, -7*z = -2*z - 5*g. What is the units digit of z?
1
Suppose -2*d + 4 = -0*d. What is the units digit of 5 - (4 - d) - -12?
5
Let g be (-89)/(-3) - (-4)/12. Suppose 0 = 2*v - g - 8. What is the units digit of v?
9
Suppose 5*u - 118 = 3*z, 3*u - 2*z - 63 = 7. What is the tens digit of u?
2
Let t be (2/(-5))/(1/(-5)). Let l be (t + -4 + 2)/(-2). What is the units digit of (1 - l)/((-1)/(-2))?
2
Let z(l) = 2*l - 9. Let q be z(6). Suppose 3*g = -5*h + 11, q*h = 4*g + g - 41. Suppose -2*d + g = 1. What is the units digit of d?
3
Let o(f) = f + 1. Let d be o(-4). What is the units digit of 12*1/(-4)*d?
9
Let c = 145 - 10. What is the tens digit of c?
3
Let t(f) = -f**3 + 5*f**2 + 8*f - 6. Let p be t(6). Suppose 23 = 7*u - p*u. What is the units digit of u?
3
Let b(f) = 13*f**2 - f - 1. What is the units digit of b(1)?
1
Suppose -3*g = -t + 85, t + 5*g + 13 = 138. Suppose 4*q = -0*q + t. What is the tens digit of q?
2
Let r be 6 - (3*2)/3. Suppose -3*w + r*w = -4. Let k = 7 + w. What is the units digit of k?
3
Let a = -63 - -102. What is the units digit of a?
9
Let u = 273 + -34. Let y = u - 169. Suppose 5*w + 0*w - y = 0. What is the units digit of w?
4
Let a(x) = 19*x**2 + 2*x + 2. Let v be a(2). Suppose 5*l = -2*q + 157, q - 5*q - v = -2*l. What is the tens digit of l?
3
Let d(p) = 12*p + 1. What is the units digit of d(9)?
9
Let d be 11 - (3 - 0)/3. Let m(z) = z - 5. Let b be m(d). Suppose -g = -2, -b*o = g + 4*g - 45. What is the units digit of o?
7
Let n(a) = a**2 - a - 5. Let k be n(-5). Let j(c) = 10*c + 3. Let y be j(-3). What is the units digit of (-6)/y + k/9?
3
Suppose -4*a + 56 = -72. Suppose 0*k - k = -a. Suppose 5*r + 4*o + 18 = 60, o = 3*r - k. What is the tens digit of r?
1
Let y be ((-8)/6)/((-14)/(-168)). Let j(a) = -2*a - 23. What is the units digit of j(y)?
9
Suppose 0*o - 3*o = -27. Let s = -4 + o. Suppose s*y = 14 + 16. What is the units digit of y?
6
Suppose 4*n + 16 = -2*g - 0*n, -5*g + 5*n = -35. Suppose 5*h - 2*w = -g, h - 2*w + 14 = -5*w. What is the units digit of (24/(-3*1))/h?
4
Let q be -2 + (-6)/2 + 2. Let x = -38 + 44. Let i = x + q. What is the units digit of i?
3
Let a = 10 - 4. Let w be a + (2 - 4 - 0). Suppose -4*b = -2*j - 0*b + 8, 3*b + 21 = w*j. What is the units digit of j?
6
Let q(p) = p**2 - 5*p - 1. What is the tens digit of q(10)?
4
Suppose -84 = -2*b - 2*b. Let y = 22 - b. What is the units digit of y?
1
Let w(k) be the third derivative of -k**4/12 - k**3/3 - 5*k**2. Let n(g) = g**2 + 7*g. Let i be n(-6). What is the units digit of w(i)?
0
Let y = 72 - 51. Let n = 49 - y. What is the tens digit of n?
2
Suppose -15 = 3*k + s + s, 2*s = 2*k + 10. Suppose -4*j = -21 - 3. Let l = k + j. What is the units digit of l?
1
Suppose t = 4*r + 13, -2*r - 10 = 5*t + 3*r. What is the units digit of 18*t/1 - 3?
5
Let r be (2/(-4))/(2/4). What is the units digit of (-3 - r)/((-2)/5)?
5
Suppose -2*p + 6*p - 24 = 0. Let g = 17 - 13. What is the units digit of (g/p)/((-5)/(-30))?
4
Suppose -m + 5*m - 20 = 0. What is the units digit of m?
5
Suppose 4*f - f - 102 = 0. What is the tens digit of f?
3
Suppose -2